 v = 9 - d. What is the greatest common factor of v and r?
13
Let l = -9945 + 11831. Calculate the greatest common factor of 92 and l.
46
Suppose 70*b - 53*b = 6885. Let q = b - 99. What is the greatest common divisor of 36 and q?
18
Let u(c) = 10*c**3 + 457*c**2 - 1809*c + 4. Let d be u(4). Calculate the highest common divisor of 272 and d.
16
Let s(p) = 4 + 1 + 77663*p**2 - 77662*p**2 + 30*p - 21*p. Suppose z - 15 = -2*z. Let k be s(z). Calculate the greatest common factor of k and 15.
15
Let h = 969 - 354. Suppose -h = -4*n - n. What is the highest common divisor of n and 205?
41
Let t be 32 - 0 - (2 + -3). Suppose 20*j + t = 23*j. Suppose 5*u + 5*i + 1 = 46, -5*i = -3*u + j. What is the highest common factor of u and 63?
7
Suppose 0 = -11*y + 15*y + 800. Let l = -68 - y. Calculate the greatest common factor of 12 and l.
12
Suppose 0 = -2*y + 8. Suppose -y*c + 69 = -m, 0 = c - 4*m - 2 - 4. Let g(b) = b**2 - 18*b - 801. Let d be g(-21). What is the greatest common factor of d and c?
18
Let g = 1051 + 470. What is the highest common divisor of g and 676?
169
Let x = -9529 - -11455. What is the highest common divisor of x and 108?
18
Suppose -4*d + 283 = -5*r, 0 = -4*d - 5*r + 428 - 95. What is the greatest common divisor of d and 10010?
77
Suppose -x - 4*b = 18, 2*b + 4 = 4*x - b. Let y be (-4)/(x/7 - 0). Let h = 33082 + -33075. Calculate the greatest common divisor of y and h.
7
Let t = -2856 + 3056. What is the highest common factor of 16 and t?
8
Let o(q) = 203*q - 3214. Let h be o(26). Calculate the greatest common divisor of h and 903.
129
Suppose -6*c + 11*c = 3915. Let q = 1127 - c. Calculate the highest common divisor of 43 and q.
43
Let y(k) = -7*k - 18. Let l be y(-3). Suppose 3*i - 504 = l*v, 4*v = -6*i + i + 840. Calculate the highest common divisor of 126 and i.
42
Let q be ((-4)/2 + 3)*-2*-21. Let w = q + -43. Let b be 1 + 0 - (-1330)/7 - w. What is the greatest common factor of 24 and b?
24
Let n(x) = -x**3 - x**2 + 7*x + 2. Let g be n(-3). Let z be ((-53)/(-3) + 8)*g*3. Let a be 4/22 - 10766/z. What is the greatest common divisor of a and 28?
28
Suppose 0*i - 131 = -2*b + i, -i = 3*b - 194. Let l(z) = 6*z**3 - 3*z**2 + 17*z - 31. Let s be l(2). Calculate the highest common factor of s and b.
13
Suppose 0 = 2*i, -2*g + 276*i - 272*i + 660 = 0. Calculate the greatest common divisor of 121 and g.
11
Let d = 1033 + 809. Calculate the greatest common divisor of 6 and d.
6
Suppose -19*d - 38*d = -5*d - 5616. What is the greatest common divisor of d and 1068?
12
Let a(g) = 26*g. Let m be a(1). Suppose 0 = 5*d + 4*w - 1926, -1944 = -5*d + 85*w - 86*w. Calculate the greatest common divisor of m and d.
26
Let x(b) = -36*b + 48*b - 28*b + 2*b**3 + 59 + 18*b**2. Let z be x(-10). Calculate the greatest common factor of z and 133.
19
Suppose -5*g - v + 2731 = 0, 627*g = 625*g + 4*v + 1066. Calculate the greatest common factor of 160 and g.
5
Let a be ((-1)/(-4))/((-939239)/(-67088) + -14). What is the highest common divisor of 4 and a?
4
Suppose -45*r = -191*r + 973 + 2093. What is the greatest common divisor of 5 and r?
1
Let p = -15915 + 16175. What is the highest common divisor of p and 11570?
130
Let l be (-6 - 324/(-45))*(-20)/(-6). Let j be (-10)/2 - (-2*72 + l). What is the greatest common divisor of j and 18?
9
Let q be (-8*(-2)/8 - -1)/(3/20). What is the highest common factor of 13500 and q?
20
Let j be (-4)/(1/37*-2). Let s be 37 + 11 + ((-6)/(-4))/((-24)/176). Calculate the greatest common divisor of s and j.
37
Let d = 17157 + -15083. What is the highest common divisor of d and 976?
122
Suppose -30*r + 40 = -38*r. Let k be -2 - ((-12)/6 - (69 + r)). Let g = -189 - -349. What is the highest common factor of g and k?
32
Let n(c) = 2*c**2 + 10*c - 12. Suppose 0*p = -4*j + 2*p - 50, -5*j - 45 = p. Let s be n(j). Calculate the greatest common divisor of 40 and s.
8
Suppose -91 = 4*u - 219. Suppose 4*h = 28 + u. Suppose -2*g - h = -55. Calculate the highest common divisor of 40 and g.
20
Let s(y) = y**2 - 18*y + 35. Suppose 140 = 6*b + b. Let k be s(b). Let g = k + -19. What is the greatest common factor of 7 and g?
7
Let x = 3048 + -1888. Suppose -8*i + 4*i = 4*w - x, -2*i = 5*w - 1435. Calculate the highest common divisor of 5 and w.
5
Let a(c) = -2*c**2 + 43*c - 33. Let p be a(20). Suppose 3*v + 2*v = 1080. What is the highest common divisor of p and v?
27
Suppose -2*n - 1394 = -4828. Let l be n/51*(-3)/(-1). Calculate the greatest common factor of l and 303.
101
Suppose -4*x + 626 = -3*l, 3*x + 0*l + 5*l - 455 = 0. Let c = 1878 + -1816. Calculate the greatest common divisor of c and x.
31
Let f = 149 - 159. Let s be (-216)/f - (-18)/45. Calculate the greatest common divisor of s and 176.
22
Let k(m) = 17*m**2 + 362*m - 48. Let v be k(-22). Calculate the highest common factor of 135 and v.
27
Suppose 0 = -35*x + 14*x + 1008. Suppose -z + 4*j = -76, -2 = -2*j - 8. Calculate the greatest common divisor of x and z.
16
Let c be (-20 + 25)/(-2 - (-14)/6). Let s be (-50)/c*(0 - (-42)/(-4)). Calculate the greatest common factor of s and 5.
5
Let b be ((-1)/(-2)*(-2)/(-3))/(808/29088). Let w be (1/2)/((-1)/(-852)). Suppose -102 = 3*n - w. Calculate the greatest common divisor of b and n.
12
Let k = 11340 - 11336. Calculate the highest common factor of 4252 and k.
4
Let o be (-2)/7 + 312/14. Suppose o*a = 26*a - 72. Calculate the highest common divisor of a and 27.
9
Let f = -3477 - -3450. Suppose -66 = 2*m + m. Let c be 90/f*(1 + m). Calculate the highest common factor of c and 10.
10
Let u be ((-20)/15)/((-2)/450). Suppose -900 = -3*j + 2*w, j = -20*w + 18*w + u. What is the highest common factor of 24 and j?
12
Let o = 1686 + -1664. Suppose 14*g = 5810 - 574. What is the greatest common factor of o and g?
22
Let t be (-56)/6*21/(-14). Suppose -4*k - t + 286 = 0. Suppose 4*u + 6*c - 2*c - 136 = 0, 0 = 2*u - c - k. What is the highest common divisor of 85 and u?
17
Let w = -2 - 48. Let p be w/(-6) - (-12)/18. Calculate the highest common divisor of 27 and p.
9
Let h = 2 - -1. Let l = -856 + 858. Suppose -l*c + k = h*c - 70, -k = 0. What is the greatest common divisor of 56 and c?
14
Let s = -48151 + 49074. Let g(a) = 19*a - 5. Let l be g(4). What is the highest common divisor of s and l?
71
Let y be 164*4/8 + (-1 - -5). Suppose -4*o - y = -g, 115 = 2*g - 3*o - 37. Calculate the greatest common divisor of g and 105.
35
Let j = 3536 - 3299. Calculate the highest common divisor of j and 57.
3
Suppose 0 = 4*k - 8, 60 = 3*i - 2*k - 278. What is the greatest common divisor of i and 418?
38
Suppose 16*w + 545 = -127. Let c be (-84)/(-18) + 28/w. Calculate the highest common divisor of 52 and c.
4
Suppose 129 = -8*h + 705. Let b be 702/h*(-136)/(-6). Calculate the highest common factor of b and 17.
17
Let p(y) = 4*y**2 + 30*y + 4. Let w be p(-6). Let d be 280/w*(-20)/5. Calculate the greatest common factor of 35 and d.
35
Suppose 54 = -0*v + 2*v. Suppose 4*w + 4*j = -56, 2*j - 16 = -w + 7*j. Let z = v - w. What is the greatest common factor of z and 12?
12
Let o = 9644 - 9643. What is the greatest common divisor of o and 13?
1
Suppose -186 = -3*m + 5*d, 2 - 17 = -5*d. Suppose m = -2*a + 297. Calculate the highest common divisor of 46 and a.
23
Let o be 14/(-35) + (-6 - (-5964)/35). What is the highest common divisor of 6724 and o?
164
Suppose -5*m - 655 = -5*r, 5*m = -2*r - 45 + 342. Calculate the highest common factor of 3026 and r.
34
Suppose -9 + 39 = 5*l. Suppose 116*s = 107*s + 3402. Suppose -4*r = s - 426. What is the highest common factor of l and r?
6
Suppose 72072 = 65*m + 89*m. What is the highest common divisor of m and 153?
9
Suppose -58*h - 694 = -1622. What is the highest common divisor of 208 and h?
16
Let j(r) = r**2 + 2*r - 12. Let x be j(3). Suppose x*o + a - 355 = 0, -o + a - 589 = -6*o. Let k = 28 + -15. What is the greatest common divisor of k and o?
13
Let j = 35 - 30. Suppose 2*t = -j*u - 17, -2*t - 2 = 2*u - 0. Suppose -5*o - 38 = -t*w + 66, -w = -o - 26. What is the greatest common factor of w and 39?
13
Let r = 33 - -135. Let t = 7904 + -7841. Calculate the greatest common factor of t and r.
21
Let r be (-1*387/(-12))/(11*(-8)/(-6336)). Calculate the greatest common divisor of 344 and r.
86
Let x(a) = -2*a**3 + 17*a